late the greatest common factor of 39 and o.
13
Suppose 2*n = -5*q - 17, -2*q = -n - 0*q + 5. Let r be n + 0 - (3 + -2). Let a be (-75)/(-6) + 1/r. Calculate the greatest common factor of a and 48.
12
Suppose -4*p = -2*h + 228, 0 = 4*h + 2*p - 0*p - 426. Let t = -30 + 42. What is the highest common factor of t and h?
12
Let f(k) = -k**3 - 6*k**2 - 4*k - 8. Let y be f(-6). Let v = y - 0. Let h be (-2 + 116/10)*5. Calculate the greatest common factor of h and v.
16
Let j(i) = i**3 - i**2 + 202. Let b be j(0). Let n be 12/(-30) + b/5. Calculate the highest common factor of n and 10.
10
Let s = 496 + -256. Calculate the highest common factor of s and 15.
15
Let k be (-8)/(-40) - (94/(-5) - 1). Calculate the highest common factor of k and 2.
2
Suppose n + 108 = 4*n - m, 5*n + 4*m = 163. Let k = -30 + 35. What is the highest common factor of n and k?
5
Let g be 5/2*4 - 3. Let m be (-323)/(-4) - g/(-28). What is the greatest common divisor of 9 and m?
9
Let w(p) = -p**3 + 6*p**2 + 2*p + 1. Let d be w(6). Suppose -17*k = -16*k - 130. What is the highest common factor of d and k?
13
Let k = 3 - -2. Suppose -o = 3*j + 9, k*j + 20 = -5*o + 5. Suppose -4*f - 2*c + 31 - 3 = o, -c - 35 = -5*f. Calculate the highest common factor of f and 35.
7
Suppose 4*n - 95 = 5*b, -4*b - 71 = -3*n - 0. Suppose 3*a = 280 - n. Let u = 166 - a. What is the greatest common divisor of u and 9?
9
Let l = -1 - -4. Suppose 3*f - 83 = -65. Calculate the greatest common divisor of f and l.
3
Let h(g) = g + 3. Let s be h(-1). Suppose j = -i - 3*j + 8, j = s*i - 25. Suppose 0*n + 120 = 2*n. Calculate the highest common divisor of n and i.
12
Let b = 71 + -35. Let f(y) = 84*y - 1. Let o be f(1). Suppose o = h - 7. What is the greatest common factor of h and b?
18
Let v = 9 + -9. Suppose 5*l - 10 = -v. Suppose 3*g = -3*f + 34 + 32, -g = -5*f - 22. Calculate the highest common divisor of g and l.
2
Let z be (56/(-21))/(-1*4/6). What is the greatest common factor of z and 8?
4
Let z = 3 + -3. Suppose z = 2*i + 3*k - 82, -93 = -3*i + 3*k - 0*k. Calculate the greatest common divisor of i and 5.
5
Let z(f) be the third derivative of 0*f**5 - 1/12*f**4 + 0 - 2*f**2 + 1/24*f**6 + 0*f**3 + 0*f. Let u be z(2). Calculate the highest common factor of 24 and u.
12
Suppose 5*u = -p + 64, -7 + 71 = 4*u + 4*p. Calculate the highest common factor of u and 96.
12
Let n = -4 - -10. Suppose 5*i - 16 = -6. Suppose z = -i*z + 9. Calculate the greatest common factor of z and n.
3
Let x(l) be the second derivative of l**5/4 + l**4/12 + l**3/3 - l. Let y be x(2). Suppose -y = -2*z - 0. Calculate the highest common divisor of 6 and z.
6
Suppose -5*m = -2*g - 2*m + 9, 4*m - 28 = -4*g. Let k = g - 6. Suppose k*h = 4*h - 16. Calculate the highest common factor of h and 32.
4
Let n be 2*4*1/4. Let l(k) = 2*k**3 - 2*k**2 + 3*k - 2. Let p be l(n). Calculate the greatest common factor of 8 and p.
4
Let v(q) = -q**3 + 10*q**2 + 5*q - 5. Let y be v(9). Suppose 2*k = y + 77. Calculate the highest common factor of k and 9.
9
Let x(r) = -r**2 + 13*r + 17. Let i be x(14). Suppose 0 = 2*a - i*q - 54, -2*a + 46 = 2*q - 7*q. Calculate the greatest common factor of a and 22.
11
Let r = -1 + 2. Let n be (-2)/((-2)/(2 - -2)). Calculate the highest common divisor of r and n.
1
Let m = 10 + 12. Calculate the highest common divisor of 110 and m.
22
Suppose 11*o - 387 - 273 = 0. What is the greatest common factor of 90 and o?
30
Let m(v) = -7*v**2 + 17*v + 28. Let y(q) = 11*q**2 - 25*q - 42. Let x(j) = 8*m(j) + 5*y(j). Let i be x(10). What is the highest common divisor of i and 36?
12
Suppose -3*r + x + 20 = 0, 2*x = 5*r - 0*r - 35. Suppose -4*m = -r - 15, -3*l + 244 = -4*m. What is the greatest common divisor of l and 8?
8
Let g = -33 - -37. Let n(h) = -5*h + 1. Let o be n(-3). Let s be 8/o - (-58)/g. Calculate the greatest common factor of 3 and s.
3
Let h(w) = 6*w - 2*w + 14*w. Let c be h(1). What is the greatest common factor of 12 and c?
6
Let r = -20 - -45. Let b be (5/(-15))/(2/(-12)). Suppose g = 2*y - 3*y + 7, 0 = -3*g - b*y + 19. What is the greatest common divisor of g and r?
5
Let l = 10 + -1. Calculate the highest common factor of 18 and l.
9
Let o be (70/(-8))/((-2)/8). Let v = 15 - 8. What is the greatest common factor of v and o?
7
Let t(a) = 3*a**2 - 4*a - 8. Let f be t(-8). Calculate the highest common divisor of f and 27.
27
Let l = 23 + -21. Calculate the highest common factor of l and 14.
2
Let u be 2/(-4) - (-7)/(-2). Suppose 5*p = -34 + 9. Let x = u - p. What is the greatest common divisor of 8 and x?
1
Suppose 0 = r - 4*r - 24. Let u be ((-44)/16)/(2/r). Let t be 2 + (-4 - -2 - -88). What is the greatest common divisor of u and t?
11
Suppose 116 = 4*c - 364. What is the highest common factor of 5 and c?
5
Let t = 15 - 8. Let p = t - 3. Suppose -p*o + 60 - 20 = 0. What is the greatest common divisor of 50 and o?
10
Suppose -4*u = -2*j - j + 61, 67 = -3*u - 2*j. Let q = u - -31. What is the greatest common factor of 24 and q?
12
Suppose -16 = z - 5*z. Let u be (10/z)/((-3)/(-12)). Suppose 0 = 7*i - u*i + 147. What is the greatest common divisor of 7 and i?
7
Let w(z) = 8*z - 6. Let h be w(5). Suppose 0 = -3*u - 2*p + h, -5*p - 4 = -5*u + 11. Suppose 6*v = 2*v + 4. What is the greatest common divisor of u and v?
1
Let c = -7 - -11. Let n be 2/8 + 222/8. Suppose -c*i + 24 + n = 0. What is the highest common factor of 104 and i?
13
Let z = -7 - -11. Suppose -v - z = -3*v. Suppose x - 2 - 7 = -h, h + 6 = v*x. What is the greatest common factor of h and 16?
4
Let q = -12 + 21. Let a(b) = 12*b**2 - 3*b. Suppose 3*g - 9 = -0. Let u be a(g). Calculate the greatest common divisor of q and u.
9
Suppose 0 = 4*w - 14 - 62. What is the greatest common factor of 152 and w?
19
Let r(s) = -18*s**3 - s. Let j be r(-1). Let l(g) = g**3 + 10*g**2 - 15*g - 36. Let y be l(-10). Calculate the greatest common factor of y and j.
19
Let r be 3 - (4 - 3 - -2). Let n = 14 + r. What is the highest common divisor of 70 and n?
14
Let f = 270 + -158. Let t(p) = -15*p**3 - 2*p - 1. Let b be t(-1). Calculate the greatest common divisor of b and f.
16
Suppose 3*p + 9 = 0, -3*p = 4*w + 2*p - 45. What is the highest common divisor of 105 and w?
15
Let b(j) = 6*j - 6. Let u be b(4). Suppose -3*w + 30 = 2*w. Calculate the highest common divisor of w and u.
6
Let p(g) = -g**3 - 8*g**2 + 7*g - 11. Let u be p(-9). Let z = 11 - u. Let l = 87 + -51. What is the highest common factor of l and z?
4
Let j(s) = s**3 + 2*s**2 + 3*s + 3. Let y = 1 + -3. Let n be j(y). Let b = 11 + n. What is the highest common divisor of b and 4?
4
Let p(x) = -x + 10. Suppose j = -q + 9, -3*j + q + q + 22 = 0. Let h be p(j). Let n be 13 + (-4)/((-4)/(-3)). Calculate the greatest common factor of n and h.
2
Let p = 33 - 3. Let a = 47 - p. Calculate the highest common factor of 153 and a.
17
Suppose -2*t = -4*a + 114, -4*a = -0*t + 5*t - 135. What is the greatest common factor of a and 12?
6
Suppose 16 - 52 = 3*i - 4*v, 2*i - 5*v = -31. Let f be 2/12 - 35/(-42). Let g = f - i. Calculate the highest common factor of 3 and g.
3
Let d(i) = -i. Let a be d(-3). Suppose 0 = -0*w - w - 2*m + 32, a*w - 4*m - 136 = 0. What is the highest common divisor of 5 and w?
5
Suppose 420 = -26*q + 29*q. What is the greatest common divisor of q and 60?
20
Let s = -25 - -43. Calculate the greatest common factor of 18 and s.
18
Suppose -2*i + 3 = -25. Let o be 16/(-6)*(-189)/i. Calculate the greatest common factor of o and 12.
12
Suppose -3*v + 4*v + 2 = 0. Let o be (3 - 2)*v - -4. What is the highest common divisor of 2 and o?
2
Suppose 109 = 9*n - 260. What is the greatest common divisor of 164 and n?
41
Suppose 5*a = 2*v - 200, 5*v - 2*a = -0*a + 542. Suppose -5*j + 4*j = 0. Suppose j*g = -4*g + 40. Calculate the highest common factor of g and v.
10
Suppose -5*q = 8 - 48. Let v(n) = -n**2 + 56. Let h be v(0). Calculate the highest common divisor of h and q.
8
Let y be (4*(2 - 0))/((-19)/(-57)). What is the greatest common divisor of 6 and y?
6
Let d(j) = 4 - 2*j**2 + 4*j + 4*j**2 + 2*j + 0*j**2. Suppose 4*c - c + 37 = -5*z, -c = -2*z - 6. Let w be d(z). What is the highest common factor of 36 and w?
12
Let c = -71 + 239. Calculate the highest common factor of 48 and c.
24
Let t(y) = -y**3 +